Let g be -1 - -8 - (-3)/(-1 + -2). Suppose -3*f + g = 2*n + n, 2*n = -4. What is the remainder when 68 - (2/f + (-10)/(-4)) is divided by 22?
21
Suppose 0 = -178*p - 158*p + 362*p - 1066. What is the remainder when 1928 is divided by p?
1
Suppose -31*h + 4074 = 602. Calculate the remainder when ((-678)/(-7))/(h/392) is divided by 19.
16
Suppose -4*o = 4*n - 3964, -63*o + 66*o - 2972 = -2*n. Calculate the remainder when o is divided by 124.
122
Let l be 13 - (-4 + 0)/(-1). Let i(o) = -o**3 + 8*o**2 + 9*o + 12. Suppose 90 = -8*z + 546. What is the remainder when z is divided by i(l)?
9
Let z be 3 + (-4 - -7) + -4. Let j be z*1/2*30. Suppose -6*p + j + 66 = 0. Calculate the remainder when 41 is divided by p.
9
What is the remainder when 782 is divided by 1504/(-141)*(-4 + -26)*(-6)/(-15)?
14
Let d be (-7 - -1) + (15 - -7). Suppose 5*h - 36 = 2*h - 3*f, -d = -3*h + 2*f. Calculate the remainder when 23 is divided by h.
7
Calculate the remainder when -2 + (-6*(-12419)/110 - (-2)/(-5)) is divided by 116.
95
Suppose -2066 = -4*u + q, 5*u = 5*q + 330 + 2275. What is the remainder when u is divided by 20?
15
Let o(g) = -3*g - 34. Let k = -118 + 98. What is the remainder when 49 is divided by o(k)?
23
Let m(q) = q**3 + 6*q**2 + 9*q + 7. Let u be m(-7). Let k be (-15)/u - 146/(-7). Suppose k = -4*h + 233. What is the remainder when h is divided by 28?
25
Let l(i) be the first derivative of i**4/4 - 16*i**3/3 - 26*i**2 - 10*i - 27. What is the remainder when l(19) is divided by 45?
40
Suppose -49*i + 5*w + 95 = -43*i, -i + 31 = -3*w. What is the remainder when 49 is divided by i?
9
Let g(w) = -w**3 - 10*w**2 - 31*w + 77. What is the remainder when g(-8) is divided by 16?
5
Let u = 15821 - 13409. What is the remainder when 4829 is divided by u?
5
Let c = -22 + 24. Suppose 5*q - 574 = -c*m, 131 = -8*q + 9*q - 5*m. Calculate the remainder when q is divided by 39.
38
Suppose -z = -5*m + 1568, -1518*z + 648 = 2*m - 1521*z. What is the remainder when 1280 is divided by m?
32
Let z = 41 + -6. What is the remainder when 967 is divided by z?
22
Let g(w) = -w**3 - 40*w**2 + 434*w - 167. Calculate the remainder when 2125 is divided by g(-49).
13
Let g(r) = -r**3 + 6*r**2 - 7*r + 5. Suppose -30 = -13*b + 87. Suppose -b*y - 4*y + 221 = 0. Calculate the remainder when y is divided by g(4).
8
Suppose 4*t - 48 = -y + 508, -t = y - 136. Suppose 38 = -4*p + 198. Calculate the remainder when t is divided by p.
20
Let l = -44458 + 44486. Let f = 40 - -49. What is the remainder when f is divided by l?
5
Let q = -33 - -73. Calculate the remainder when q is divided by 3 + (2 + 2)*3/4.
4
Let m(y) = -19*y**3 - 6*y**2 - y - 1. Calculate the remainder when 478 is divided by m(-2).
91
Suppose 0 = 4*z + 40 + 8. Let a be (-6)/z - 93/6. Calculate the remainder when 89 is divided by (-5)/a - (-89)/3.
29
Let g = 18272 - 18257. What is the remainder when 11414 is divided by g?
14
Let x be ((-240)/130)/(-12) - 115/(-13). Suppose 582 = x*h - 30. What is the remainder when h is divided by 38?
30
Let c be (8/(-24))/(((-12)/(-279))/(-4)). Suppose 2*o = 3*n + 38 + 22, -o + 2*n + c = 0. What is the remainder when 40 is divided by o?
13
Let a be ((-5)/(-50)*-5)/(2/(-12)). Suppose a*c = 717 - 666. Let j(h) = -24*h - 1. Calculate the remainder when j(-2) is divided by c.
13
Let x(q) = 3*q + 8*q + 18 + 2*q. Let h be x(-3). What is the remainder when 8 is divided by (7/h)/((-2)/18)?
2
Let l = 40 + -21. Let b(x) = 42*x**2 + 1379*x - 162. Calculate the remainder when b(-33) is divided by l.
12
Let m = -15152 - -15286. Calculate the remainder when 548 is divided by m.
12
Let d(l) = l**3 + 6*l**2 - 26*l - 118. Let r be d(-7). Let y(v) = -v**2 + 17*v - 19. What is the remainder when 97 is divided by y(r)?
9
Suppose 1010 = 127*v - 122*v. Let g = -190 + v. Let s(w) = -4*w**3 + 2*w**2 + w. Calculate the remainder when g is divided by s(-1).
2
Suppose -l = 3*q - 6, 141*l + 2*q = 143*l - 60. Calculate the remainder when 588 is divided by l.
12
Let r(y) = y**3 + 78*y**2 + 143*y - 582. Let q = -19 + 37. Calculate the remainder when r(-76) is divided by q.
12
What is the remainder when 4027 is divided by (-11)/((-143)/(-260)) - -62?
37
Let x be 3/(-2)*(-8)/12. Suppose -3*q + 5 = -k, -q + 1 = -x. Calculate the remainder when 9/6*((-254)/(-3))/k is divided by 44.
39
Suppose -457*y + 460*y = 20847. Calculate the remainder when y is divided by 158.
155
Let g(s) = -s**3 - 3*s**2 - s + 7. Suppose l = m - 5, -3*m + 4*m = 2*l + 8. Calculate the remainder when 26 is divided by g(l).
6
Let f = 27174 + -26071. Calculate the remainder when f is divided by 47.
22
Let k be ((-2)/(-4))/((-2)/7760*-4). Suppose 4*y + 4*h = 392, 2*y = -3*y - 4*h + k. What is the remainder when y is divided by 6?
3
Suppose -63*r - 2070 = -93*r. Calculate the remainder when r is divided by 19.
12
Let r be (-4 - (-10 - -5)) + -67. Let c = r - -78. Suppose 18*p - c = 12*p. What is the remainder when 7 is divided by p?
1
Suppose 0 = 14*y - y - 17202 - 32536. What is the remainder when y is divided by 1274?
4
Let d = 21181 + -21101. Calculate the remainder when 198 is divided by d.
38
Let n(t) = -17544*t + 140548. Let h = -2 - -20. What is the remainder when n(8) is divided by h?
16
Suppose 105*s + 1050 = 115*s. Suppose s = 15*c - 8*c. Let d = 97 + -39. What is the remainder when d is divided by c?
13
Let a(j) = 2*j**2 - 53*j - 80. Calculate the remainder when 244 is divided by a(30).
114
Let r = -243 + 239. Let y(n) = -13*n - 37. What is the remainder when y(r) is divided by 4?
3
Suppose -14 = -y - 0. Suppose -2*s + 4*b = 7 - 331, 0 = 4*s + 3*b - 582. Calculate the remainder when s is divided by y.
10
Suppose 4*c + 3*d - 15976 = 0, 31*c - 30*c + 5*d - 3977 = 0. Calculate the remainder when c is divided by 20.
17
Suppose 3*g + 2*x - 139 = -0*x, x = 5. Suppose -9*b + 1568 - 56 = 0. Calculate the remainder when b is divided by g.
39
Suppose 0 + 19 = -5*x - 3*s, 0 = -4*x - 5*s - 10. What is the remainder when 0 + x + -6 + 77 + 6 is divided by 13?
7
Let t(o) = -o**3 + 18*o**2 - 5*o + 124. Suppose 876 = 3*d + 822. What is the remainder when t(18) is divided by d?
16
Suppose 3*i - 24 = 5*s, 0 = i - s - 1 - 9. Let m be (-46)/(-14) - 3 - 114/7. Calculate the remainder when m + i - (-7 + 0) is divided by 2.
0
Let d(u) = -2*u**3 - 25*u**2 + 135. Let o(h) = -4*h + 3. Let a be o(-12). Suppose a = 3*v - 51. Calculate the remainder when d(0) is divided by v.
33
Let l = -2 - -13. Let z(j) = -j**3 + 26*j**2 - 23*j - 29. Suppose 2*v = 71 - 21. What is the remainder when z(v) is divided by l?
10
Let m = -90 - -97. Suppose b - m = -3*h, h = -2*h + 3*b + 27. Suppose -h*x - 84 = -6*k + 2*k, -2*k = 3*x - 17. Calculate the remainder when 46 is divided by k.
14
Let n = -66 + 80. Suppose -2*u - 3*j + 357 = 0, -5*u - 2*j + 830 = -7*j. Let q = -136 + u. What is the remainder when q is divided by n?
7
Let q = 14612 - 14601. What is the remainder when 776 is divided by q?
6
Let m be -2*(-1 - 29/2). Calculate the remainder when (-1032)/(-30 + 22) + -2*2 is divided by 1 + 0 + 1*m.
29
Let v(l) = -5*l**2 - l**2 + 3*l**2 + 4*l**2 - 10*l + 5. Let c be v(4). Calculate the remainder when -2 - c*10/5 is divided by 19.
17
Let r(i) = -i**2 - 16*i**3 - 10*i - 35*i**3 - 5 + 3*i. What is the remainder when r(-1) is divided by 27?
25
Let m(l) = 516*l - 2864. Calculate the remainder when m(7) is divided by 138.
58
Let x = -32 + 43. Suppose -4*g - 6*l + 2133 = -x*l, 4*l = g - 536. Suppose 8*p = 4*p + g. Calculate the remainder when p is divided by 27.
25
Let y = 63 - 60. Suppose v = y*g - 3*v + 342, 4*g = 5*v - 456. Let o = 258 + g. What is the remainder when o is divided by 37?
33
Let d(a) = 8*a - 60. Suppose -504 = -2*l - 2*l. Let o = -72 + l. Calculate the remainder when o is divided by d(11).
26
Let g be (-64)/24*((-18)/(-8))/(-3). Suppose -333 = -g*s + 43. Calculate the remainder when s is divided by 49.
41
Let k(r) = 2*r**2 - 68*r - 66. Let p = 118 + -83. Let f = 15 - 13. What is the remainder when k(p) is divided by f?
0
Suppose 2*g + 4*s + 16 = 0, -3*g - 10 = 5*s + 9. Suppose -5*b - g*b + 168 = 0. Suppose 0 = -224*r + 223*r + 6. Calculate the remainder when b is divided by r.
0
Suppose -1515 = -12*a - 87. Suppose -3*d = -q - 3*q - a, d = 2*q + 43. What is the remainder when (-1)/4 + 525